ate a(p).
-4
Let p(m) = 69*m - m**2 - 29*m - 44*m + 10. Calculate p(-5).
5
Let r(t) be the second derivative of t**4/6 - t**2/2 + 2*t. Let g(y) = y**3 + 2*y**2 + 11*y + 24. Let q be g(-2). Calculate r(q).
7
Let k(x) = -x**2 - 8*x - 4. Let h be (-2)/10 - (-1692)/60. Suppose -15 = -3*c, -5*j = -c + h + 7. Calculate k(j).
8
Let k(r) = r**2 - 4*r - 3. Suppose 0*l - 20 = -4*l. Let n be k(l). Let y(d) = -n*d + 4*d - 5 - 3*d. What is y(0)?
-5
Let k(m) = m**3 - 3*m + 3. Let p be k(2). Let v(n) be the third derivative of -n**5/60 + n**4/4 - 2*n**3/3 + 2*n**2 + 585*n. Give v(p).
1
Let i = -299 + 901/3. Let h(p) be the third derivative of 0*p - 2*p**2 - 1/4*p**4 + 0 + i*p**3 + 1/60*p**5. What is h(6)?
8
Let d(t) = 15*t**2 - 23*t + 88. Let v(y) = -13*y**2 + 24*y - 88. Let l(x) = -6*d(x) - 7*v(x). Determine l(27).
7
Let d(c) = 169 + 171 - 336 - c**3 + 4*c**2. Let j(i) = 2*i**2 + 2*i. Let t be 1/2 - (-5)/(-2). Let u be j(t). What is d(u)?
4
Let v(o) = o**2 + 10*o. Let d be 2/(8/(-3)*(-3)/(-36)). What is v(d)?
-9
Let p(s) = s + 4. Let m be 17*(-3 + 4) + -5. Let a be 2/(-1) - -9 - -1. Let z = m - a. Give p(z).
8
Let s(d) = -7 - 2 + 4*d**3 - 2*d**3 - d - 7*d**3 - 7*d**2 + 6*d**3. Give s(8).
47
Let u(a) = -2*a - 2. Let v be u(-5). Let s(k) = -20*k + v*k + 11*k + 1 + 0. Suppose 4*j + 24 = -m, -36 - 9 = 5*j + 5*m. Calculate s(j).
6
Let c(v) be the second derivative of -v**3/6 - v**2/2 - v. Suppose -2609*h = -2607*h + 12. Determine c(h).
5
Let i(h) = 22*h - 37. Let a be i(5). Let z = a - 73. Let v(o) = o - 20. What is v(z)?
-20
Let y(d) be the first derivative of -d**2/2 + d + 2. Let c = -6 + 4. Let m be c - (2 + -6) - 3. Calculate y(m).
2
Let g(i) = -2*i - 31. Let y be g(-18). Suppose h - 10 = -4*w - w, -y*h + 28 = 3*w. Let s(l) = -l. What is s(w)?
-1
Let i(f) = 77 + 0*f - f - 65. Let o be (1*4)/((-7)/(-14)). Let n be i(o). Let r(y) = -y**2 + 6*y - 1. What is r(n)?
7
Let i(f) = 3 - 1094*f**3 + 1093*f**3 + 1 + 4*f**2. What is i(4)?
4
Let f(r) be the second derivative of 32*r + 0 - 2*r**2 - 1/6*r**3. What is f(-8)?
4
Let x(f) = f**3 - 2*f**2 - 4*f + 1. Let c be x(3). Let s(i) = 10*i**2 - 4*i**2 - 8*i**2. Determine s(c).
-8
Let a(t) = -2*t**2 + 6*t + 8. Let m(v) = -5*v**2 + 12*v + 16. Let d = -5 + 8. Suppose 25*y - 29*y - 28 = 0. Let q(n) = d*m(n) + y*a(n). Determine q(-6).
-8
Let t(h) = 20*h - 9*h - 3*h - 9*h - 1. Determine t(4).
-5
Suppose 2*p = -3*m - 8, 3*m + 4 = -p - 0*m. Let s(n) = -2*n**2 - 5*n + 1. Let w(f) = f**2 + 3*f - 1. Let y(h) = -2*s(h) - 5*w(h). Determine y(p).
7
Suppose -13 - 2 = -5*k. Suppose k*z = -n - 3, -3*n + 5*z = -5*n - 7. Let f(m) = -12*m - 3 + 3*m + m**2 - 2*m**2. Calculate f(n).
15
Let y be 1 - ((-5 - -2) + 2) - 2. Let o(n) be the third derivative of -1/15*n**6 + 0*n**3 + 8*n**2 + y + 1/60*n**5 + 0*n + 0*n**4. What is o(1)?
-7
Let n(m) = -11*m**2 + 2*m. Let f be ((-10)/14 + 1)*231/33. Determine n(f).
-40
Let r(z) be the second derivative of -7*z**4/12 - z**3/3 + z**2/2 - z. Let n = -2157 + 2158. Give r(n).
-8
Let d(f) = -2 + 10 + 8 + 3*f + 0*f - 6. Calculate d(4).
22
Let k(m) = -m**3 + 2*m**2 + 2*m - 1. Let l = 22 - 22. Suppose -5*x + b + 15 = l, -3 = -5*x - b + 2. What is k(x)?
3
Let s(m) = -m - 4. Let n(h) = 0*h + 6 - 6*h + h**3 + 2 + 9*h**2 + 15*h. Let w be n(-8). Give s(w).
-4
Suppose 7*x - 102 = -10*x. Let y(a) = a**3 - 7*a**2 + 6*a. Give y(x).
0
Let y = 190 + -130. Suppose -5*w = 5*j + 26 + 39, -4*w = 5*j + y. Let q(s) = s**3 + 8*s**2 - 4. What is q(j)?
-4
Suppose z = -z - 6. Let u(w) be the first derivative of -2*w**2 - 3*w - 36. Determine u(z).
9
Let g(d) = 6 + d + 12 - 14. Calculate g(-2).
2
Let m(t) be the first derivative of -t**5/20 - 7*t**4/12 - t**3 - 3*t**2/2 - 7*t - 3. Let u(l) be the first derivative of m(l). Determine u(-6).
-3
Let k = 2154 - 2144. Let q(d) = d**2 - 10*d + 4. Calculate q(k).
4
Let g(n) be the second derivative of n**4/12 - 8*n**3/3 - 35*n**2/2 - 158*n. Give g(18).
1
Suppose -3*z + 9*z = 24. Let d(o) = -o**3 + 5*o**2 - 5*o. Let u be d(z). Let y be u/6 + (-19)/3. Let c(i) = i**3 + 7*i**2 + 2*i + 6. Calculate c(y).
-8
Let k(f) = -f**2 + 3*f + 6. Let t(y) = -y**3 - 17*y**2 - 41*y + 19. Let g be t(-14). Determine k(g).
-4
Let i be 2/5 - (-27)/(-5). Let s(y) be the third derivative of -y**6/120 - y**5/12 + y**4/12 + 5*y**3/6 + 158*y**2. What is s(i)?
-5
Let i(t) = -t - 2. Let j be i(-2). Let p(d) = -4*d**3 + 3*d**3 + 13 + 0*d + d. Determine p(j).
13
Let z(l) = 2 + 0 - 2*l - 7. Let c be -4 - (-3 - -6 - 14). Let o(s) = -5*s - 10. Let r(g) = c*z(g) - 3*o(g). Give r(6).
1
Let o(g) = 5*g**2 - 41*g - 37. Let h(a) = -a**2 + 10*a + 9. Let y(r) = 9*h(r) + 2*o(r). Let d(j) = j + 8. Let l be d(-15). Give y(l).
0
Let h(w) = w**3 - 4*w**2 - 7*w + 7. Let x(l) = -l**2 - 8*l + 4. Let p = 1 + -7. Let y be x(p). Suppose 4*q = 4*d - y, -2*q + 5*q = 3. Determine h(d).
-3
Suppose t = -3*t + 4. Let d(b) be the third derivative of 4*b**5/15 - b**4/24 + b**3/6 - 2947*b**2. What is d(t)?
16
Let p(z) be the third derivative of -z**6/120 - 2*z**5/15 - z**4/4 - z**3/3 + 65*z**2. Determine p(-6).
-38
Suppose -z = -2*z - 4. Let y(j) = 1 + 3*j - 2 + j**2 - 4 + 1. Let g(m) = -m**2 - 2*m + 2. Let c(d) = z*y(d) - 7*g(d). Determine c(-2).
10
Let m(t) = 3*t**3 - 15*t**2 + 3*t + 2. Let q(c) = -2*c**3 + 8*c**2 - 2*c - 2. Let x(b) = 3*m(b) + 5*q(b). Calculate x(-5).
1
Let g(b) = b. Suppose -10*t + 6*t = -5*l - 29, 20 = -4*l. What is g(t)?
1
Let v = -6 + 22. Let n = 21 - v. Let u(d) = -d + 5. What is u(n)?
0
Let r(s) = 10*s - 4*s - 1 + 0*s. Suppose 0 = -q - 11 + 12. What is r(q)?
5
Let y(l) = -3*l**3 + 4*l**2 - 4*l + 2. Let r(n) = n**3 + 2*n**2 - 5*n - 8. Let f be r(-2). Determine y(f).
-14
Suppose 7*l + 140 = 17*l. Let o(y) = -16*y**2 + l*y**2 - 2*y - 5 + 4. Give o(-1).
-1
Let t(i) = -5*i**3 + 2*i**2 - 1. Suppose 0 = w - 5, -q + w - 1 = 2. Suppose -q*z = 4 - 2. Calculate t(z).
6
Let j(z) = -2*z + 6 + 2*z**2 - 3*z**2 + 3 + 0*z**2 + z**3 + 7. Calculate j(0).
16
Let a(l) = -l**3 + 11*l**2 - 23*l + 39. Let k be a(9). Let d(f) = -f**2 - 7*f + 6. Calculate d(k).
12
Let c(q) = -q + 2. Suppose -f = 4*d + f - 34, 5*d = 5*f + 65. Let n(p) = -p**2 - 2*p + 1. Let m be n(-4). Let j = d + m. Determine c(j).
-1
Let k(t) = -4*t**2 + t + 3. Suppose 0 = 24*f - 21*f - 15, -5*o - 2*f - 5 = 0. What is k(o)?
-36
Let r(o) = -o**2 + 10*o - 9. Let h(b) = -b**3 + 28*b**2 + 129*b - 26. Let x be h(32). What is r(x)?
15
Let c(d) = -d**2 - 5*d + 7. Suppose -2*g + 35 = -59. Suppose -49*t = -g*t + 10. Determine c(t).
7
Let j(x) = 2*x**2 + 9*x - 4. Suppose 6*u + 20 + 22 = 0. What is j(u)?
31
Let y(u) = 2*u + 5. Let b be (-3 + 13)*(-5)/(-2). Let s = b + 0. Suppose -3*k + 10 = s. Calculate y(k).
-5
Let n(m) = -m**3 - 8*m**2 - 10*m - 6. Let b = 826 - 832. Calculate n(b).
-18
Let b be 24/30*15/6. Let k(v) = 6*v + 23 - 3*v**b + 0*v**3 - v**3 - 21. Give k(-4).
-6
Let w(t) = -t**2 + 2*t - 1. Let y(x) = 10*x + 11. Let q be y(-1). Calculate w(q).
0
Let r be (6 - 13/((-91)/(-42)))/2. Let u(t) be the second derivative of t**6/360 - t**4/6 + t**3/3 - 2*t. Let z(d) be the second derivative of u(d). Give z(r).
-4
Let b(u) = -u + 1. Let m be b(0). Suppose -m = -4*t + 11. Let g be 0 + (0 - t) - 0. Let i(p) = p**3 + 4*p**2 + 5*p + 3. Calculate i(g).
-3
Suppose 3*w = -j - 0 + 7, -5*j + 5 = 0. Let i(g) = 0*g + w*g - 10 + 9. What is i(5)?
9
Suppose x + 2*f = f + 11, -29 = -3*x - 2*f. Let q(l) = -2*l**2 + 19*l + 7. Let m(o) = 3*o**2 - 29*o - 11. Let i(c) = 5*m(c) + 8*q(c). Determine i(x).
1
Let k = -27 + 23. Let i(y) = 4*y + 1. Give i(k).
-15
Suppose 80 = 5*c - 5*v, -3*v + 0*v = 3. Suppose -2*w + 5*w + c = 0. Let k(t) = -13*t + 4. Let p(j) = -3*j + 1. Let r(z) = 2*k(z) - 9*p(z). What is r(w)?
-6
Suppose x = 2 + 1. Suppose 0 = -5*u - 5*d + 10, 2*u + x*d - 4 = -2. Let o(z) = 3*z + 2 + z**2 - 15 + 1 + u. Calculate o(-6).
10
Let x(r) = r**2 - 5*r + 5. Let g = 851 - 849. Calculate x(g).
-1
Suppose -4*j = -2*i - 28, -7*j - i = -4*j - 21. Suppose 4*x - 28 = -5*u + 28, -4*u = x - 36. Let d(c) = 5 + c**3 - u*c**2 + 5 + 5*c + c. Calculate d(j).
3
Let p(u) = -16*u - 45. Let g(y) = 11*y + 28. Let i(w) = 8*g(w) + 5*p(w). Determine i(-5).
-41
Let h be (3 + 0)/3 - -1. Suppose -h*o = -4*o. Let g(c) be the first derivative of c**3/3 - c**2/2 - 5*c + 20. What is g(o)?
-5
Let f(h) be the second derivative of 2*h**3/